{"id":829,"date":"2014-04-01T22:30:48","date_gmt":"2014-04-01T20:30:48","guid":{"rendered":"http:\/\/www.jade-race.de\/?page_id=829"},"modified":"2019-04-14T18:29:42","modified_gmt":"2019-04-14T16:29:42","slug":"nennung","status":"publish","type":"page","link":"https:\/\/www.jade-race.com\/?page_id=829","title":{"rendered":"Nennung \/ Tickets"},"content":{"rendered":"\n<h2 class=\"wp-block-heading\"><strong>F\u00fcr Fahrer:<\/strong><\/h2>\n\n\n\n<p class=\"wp-block-paragraph\">Um sich f\u00fcr das Jade-Race anmelden zu k\u00f6nnen, m\u00fcssen Sie die folgenden Schritte machen:<\/p>\n\n\n\n<table class=\"wp-block-table is-style-stripes\"><tbody><tr><td>1. Schritt:<\/td><td>Folgen Sie den u. a. Link zu unserem Ticketshop. Wenn noch nicht vorhanden, er\u00f6ffnen Sie sich \u00fcber das Formular <em>&#8220;Fahrer Registrierung&#8221;<\/em> ein Account.<\/td><\/tr><tr><td>2. Schritt:<\/td><td><strong>Achtung!<\/strong> Ein Verkauf von Tageslizenzen ist ab diesem Jahr vor Ort nicht mehr m\u00f6glich. Falls Sie keine g\u00fcltige ASN Lizenz (DMSB, KNAF, etc.) haben, besorgen Sie sich bitte rechtzeitig eine Jahreslizenz bei Ihrer ASN. Alternativ k\u00f6nnen Sie nur \u00fcber die DMSB App eine Tageslizenz f\u00fcr das Event kaufen. <\/td><\/tr><tr><td>4. Schritt:<\/td><td>Kaufen Sie sich die entsprechenden Tickets (Bezahlung ist per PayPal oder aber per \u00dcberweisung m\u00f6glich).<\/td><\/tr><tr><td>5. Schritt:<\/td><td>Nach Zahlungseingang und Bearbeitung unserseits, erhalten Sie nach einigen Tagen Ihre Tickets per E-Mail. \u00dcberpr\u00fcfen Sie ob Sie per E-Mail die entsprechenden Tickets erhalten haben und drucken diese aus. Die Tickets werden am Eingang vom Jade-Race gescannt.<\/td><\/tr><\/tbody><\/table>\n\n\n\n<h2 class=\"wp-block-heading\" style=\"text-align:center\"><a href=\"https:\/\/dragreg.eu\">zum Ticket-Shop<\/a><\/h2>\n\n\n\n<h2 class=\"wp-block-heading\"><strong>F\u00fcr Besucher\/Camper:<\/strong><\/h2>\n\n\n\n<table class=\"wp-block-table is-style-stripes\"><tbody><tr><td>1. Schritt:<\/td><td>Folgen Sie den u. a. Link zu unserem Ticketshop. Wenn noch nicht vorhanden, er\u00f6ffnen Sie sich \u00fcber das Formular <em>&#8220;Besucher Registrierung&#8221;<\/em> ein Account.<\/td><\/tr><tr><td>2. Schritt:<\/td><td>Kaufen Sie sich die entsprechenden Tickets (Bezahlung ist per PayPal oder aber per \u00dcberweisung m\u00f6glich).<\/td><\/tr><tr><td>3. Schritt:<\/td><td>Nach Zahlungseingang und Bearbeitung unserseits, erhalten Sie nach einigen Tagen Ihre Tickets per E-Mail. \u00dcberpr\u00fcfen Sie ob Sie per E-Mail die entsprechenden Tickets erhalten haben und drucken diese aus. Die Tickets werden am Eingang vom Jade-Race gescannt.<\/td><\/tr><\/tbody><\/table>\n\n\n\n<h2 class=\"wp-block-heading\" style=\"text-align:center\"><a href=\"https:\/\/dragreg.eu\">zum Ticket-Shop<\/a><\/h2>\n\n\n\n<p class=\"wp-block-paragraph\">Sollte telefonische Unterst\u00fctzung notwendig sein, kontaktieren Sie uns Mobil unter +49 (0)160-3648181. Sollten wir uns online auf Ihren PC schalten, f\u00fchren Sie bitte folgendes Programm aus: <a href=\"http:\/\/jade-race.com\/wp-content\/uploads\/2016\/05\/TeamViewerQS_de.exe\" target=\"_blank\" rel=\"noreferrer noopener\">TeamViewer<\/a>.<\/p>\n","protected":false},"excerpt":{"rendered":"<p>F\u00fcr Fahrer: Um sich f\u00fcr das Jade-Race anmelden zu k\u00f6nnen, m\u00fcssen Sie die folgenden Schritte machen: 1. Schritt:<\/p>\n","protected":false},"author":4,"featured_media":0,"parent":0,"menu_order":0,"comment_status":"open","ping_status":"open","template":"","meta":{"_crdt_document":"","ngg_post_thumbnail":0,"jetpack_post_was_ever_published":false,"footnotes":""},"class_list":["post-829","page","type-page","status-publish","hentry"],"jetpack_shortlink":"https:\/\/wp.me\/P5OaCw-dn","jetpack_sharing_enabled":true,"_links":{"self":[{"href":"https:\/\/www.jade-race.com\/index.php?rest_route=\/wp\/v2\/pages\/829","targetHints":{"allow":["GET"]}}],"collection":[{"href":"https:\/\/www.jade-race.com\/index.php?rest_route=\/wp\/v2\/pages"}],"about":[{"href":"https:\/\/www.jade-race.com\/index.php?rest_route=\/wp\/v2\/types\/page"}],"author":[{"embeddable":true,"href":"https:\/\/www.jade-race.com\/index.php?rest_route=\/wp\/v2\/users\/4"}],"replies":[{"embeddable":true,"href":"https:\/\/www.jade-race.com\/index.php?rest_route=%2Fwp%2Fv2%2Fcomments&post=829"}],"version-history":[{"count":103,"href":"https:\/\/www.jade-race.com\/index.php?rest_route=\/wp\/v2\/pages\/829\/revisions"}],"predecessor-version":[{"id":4775,"href":"https:\/\/www.jade-race.com\/index.php?rest_route=\/wp\/v2\/pages\/829\/revisions\/4775"}],"wp:attachment":[{"href":"https:\/\/www.jade-race.com\/index.php?rest_route=%2Fwp%2Fv2%2Fmedia&parent=829"}],"curies":[{"name":"wp","href":"https:\/\/api.w.org\/{rel}","templated":true}]}}