{"id":5761,"date":"2025-10-02T09:45:09","date_gmt":"2025-10-02T07:45:09","guid":{"rendered":"https:\/\/www.jade-race.com\/?page_id=5761"},"modified":"2026-01-31T13:51:11","modified_gmt":"2026-01-31T12:51:11","slug":"sicherung-start","status":"publish","type":"page","link":"https:\/\/www.jade-race.com\/","title":{"rendered":"Start"},"content":{"rendered":"\n<div class=\"wp-block-group has-global-padding is-layout-constrained wp-container-core-group-is-layout-e1a0efe0 wp-block-group-is-layout-constrained\" style=\"padding-right:var(--wp--preset--spacing--20);padding-left:var(--wp--preset--spacing--20)\">\n<div class=\"wp-block-buttons is-layout-flex wp-block-buttons-is-layout-flex\"><\/div>\n<\/div>\n\n\n\n<p style=\"text-align: left;\"><strong>VOR DEM RENNEN IST NACH DEM RENNEN&#8230;<\/strong><\/p>\n<p style=\"text-align: justify;\"><strong>&#8230;ES IST WIEDER SOWEIT&#8230;<\/strong><\/p>\n<p style=\"text-align: justify;\"><strong>&#8230;schnell, aufregend, spannend und unglaublich abwechslungsreich!<\/strong><\/p>\n<p style=\"text-align: justify;\">Das Jade-Race bietet vom 17. &#8211; 19.07.2026 Rennatmosph\u00e4re \u2013 unmittelbar und direkt. Ein besonderes Erlebnis f\u00fcr Fahrer und Zuschauer!<\/p>\n<p style=\"text-align: justify;\">Vor typisch norddeutscher Kulisse wird direkt am Busen der Natur Motorsport vom Feinsten betrieben. Seit 2010 verwandelt der Drag Racing Motorsport den Runway des Jade-Weser-Airport in eine Rennstrecke. Und nicht nur die Fahrer der Beschleunigungsrennen \u00fcber die Viertelmeile&nbsp;(402,34 m) haben Gefallen an der Piste gefunden. Auch die Zuschauer genie\u00dfen den Blick auf die Strecke entlang der l\u00e4ngsten Trib\u00fcne der Welt \u2013 dem Deich!<\/p>\n<p style=\"text-align: justify;\">Die Rennveranstaltung soll f\u00fcr alle Beteiligten ein unvergessliches Wochenendspektakel werden! Jeder soll auf seine Kosten kommen. Aber der Fokus liegt ganz klar auf dem Motorsport! Wir tun alles f\u00fcr eine schnelle und reibungslose Durchf\u00fchrung der zahlreichen L\u00e4ufe auf dem Strip.<\/p>\n<p style=\"text-align: justify;\">Dabei hilft uns das gro\u00dfz\u00fcgige Gel\u00e4nde: Die Startbahn ist 1459 m lang und 30 m breit und bietet auch f\u00fcr die st\u00e4rksten Fahrzeuge eine \u00fcppig bemessene Brems- und Auslaufzone. \u00dcber die separate R\u00fcckf\u00fchrung erreichen die Fahrer z\u00fcgig das Fahrerlager oder den Vorstart, wenn sie weitere L\u00e4ufe machen wollen.<\/p>\n<p style=\"text-align: justify;\">F\u00fcr die bis auf die tausendstel Sekunde pr\u00e4zise Zeitnahme steht die in vielen Rennen bew\u00e4hrte Crew der DHRA aus Holland zur Verf\u00fcgung. Die Jungs messen und dokumentieren die Zeiten jedes Laufs und sorgen auch f\u00fcr eine schnelle und professionelle technische Abnahme.<\/p>\n<p style=\"text-align: justify;\">Den Zuschauern erkl\u00e4rt kein Geringerer als der legend\u00e4re&nbsp; Streckensprecher Benni Voss das Renngeschehen. Eigentlich tr\u00e4gt er seine Beinamen &#8220;Deutschlands schnellste Schnauze\u201c zu Recht. Oder besser noch \u201edas wandelnde Lexikon des Drag Racing\u201c . Benni kennt nicht nur die Klassen, die Autos und ihre Technik sowie die meisten Fahrer. Er ist auch seit Jahren ein ausgewiesener Experte in allen Fragen des Reglements.<\/p>\n<p style=\"text-align: justify;\">Das Renngeschehen findet also auf hohem, internationalen Standard statt.<\/p>\n<p style=\"text-align: justify;\">Das Publikum hat uneingeschr\u00e4nkten Zugang zum Fahrerlager und zur Zuf\u00fchrung der Rennwagen auf die Strecke, dem sogenannten Line-up. Interessierte k\u00f6nnen den Rennwagen unter das Blechkleid schauen und sich von Fahrern und Mechanikern in die Geheimnisse der Geschwindigkeit einweihen lassen. Sie k\u00f6nnen die Motoren knistern h\u00f6ren, wenn sie sich nach den L\u00e4ufen von der Jagd auf Zehntel und Hundertstel abk\u00fchlen. Und mit wenigen Schritten kommt man vom Fahrerlager wieder an die Naturtrib\u00fcne, um die Rennen zu verfolgen.<\/p>\n<p style=\"text-align: justify;\">Direkt im Fahrerlager haben hiesige Fachbetriebe die Chance, sich mit ihren Produkten und ihrem Fachwissen zu pr\u00e4sentieren. Das Repertoire reicht erfahrungsgem\u00e4\u00df von Fahrzeugveredelung, Reparaturen \u00fcber Zubeh\u00f6r bis zur Pr\u00e4sentation von Autos und Motorr\u00e4dern. Informativ und ergiebig \u2013 nicht nur f\u00fcr Rennsportbegeisterte.<\/p>\n<p style=\"text-align: justify;\">Das Jade-Race steht nicht nur den Fahrern offen, die seit Jahren mit der Droge des Dragracing infiziert sind. Auch Einsteiger sind willkommen, die einmal wissen wollen, wie lang Sekunden werden k\u00f6nnen, wenn man auf der Jagd nach Geschwindigkeit ist.<\/p>\n<p style=\"text-align: justify;\">Was braucht man, um sich auch an der Ampel einzureihen? \u2026.<\/p>\n<ul style=\"text-align: justify;\">\n<li>Teilnahmebedingungen durchlesen<\/li>\n<li>Anmelden&nbsp; ( in den kommen Tagen m\u00f6glich )<\/li>\n<li>Helm besorgen<\/li>\n<li>Technische Abnahme hinter sich bringen<\/li>\n<li>Und: Willkommen im Club der Beschleunigungss\u00fcchtigen.<\/li>\n<\/ul>\n<p style=\"text-align: justify;\">Zu den ungeschriebenen Gesetzen des Drag Racing geh\u00f6rt, dass Jeder Jedem hilft und dass es weder Markend\u00fcnkel noch Klassenneid gibt. Wir verfolgen alle das gleiche Ziel: Mit den Mitteln &#8211; die einem zur Verf\u00fcgung stehen &#8211; in der m\u00f6glichst k\u00fcrzesten Zeit die Viertelmeile unter die R\u00e4der zu nehmen.<\/p>\n","protected":false},"excerpt":{"rendered":"<p>VOR DEM RENNEN IST NACH DEM RENNEN&#8230; &#8230;ES IST WIEDER SOWEIT&#8230; &#8230;schnell, aufregend, spannend und unglaublich abwechslungsreich! Das<\/p>\n","protected":false},"author":4,"featured_media":0,"parent":0,"menu_order":0,"comment_status":"closed","ping_status":"closed","template":"","meta":{"_crdt_document":"","ngg_post_thumbnail":0,"jetpack_post_was_ever_published":false,"footnotes":""},"class_list":["post-5761","page","type-page","status-publish","hentry"],"jetpack_shortlink":"https:\/\/wp.me\/P5OaCw-1uV","jetpack_sharing_enabled":true,"_links":{"self":[{"href":"https:\/\/www.jade-race.com\/index.php?rest_route=\/wp\/v2\/pages\/5761","targetHints":{"allow":["GET"]}}],"collection":[{"href":"https:\/\/www.jade-race.com\/index.php?rest_route=\/wp\/v2\/pages"}],"about":[{"href":"https:\/\/www.jade-race.com\/index.php?rest_route=\/wp\/v2\/types\/page"}],"author":[{"embeddable":true,"href":"https:\/\/www.jade-race.com\/index.php?rest_route=\/wp\/v2\/users\/4"}],"replies":[{"embeddable":true,"href":"https:\/\/www.jade-race.com\/index.php?rest_route=%2Fwp%2Fv2%2Fcomments&post=5761"}],"version-history":[{"count":3,"href":"https:\/\/www.jade-race.com\/index.php?rest_route=\/wp\/v2\/pages\/5761\/revisions"}],"predecessor-version":[{"id":6574,"href":"https:\/\/www.jade-race.com\/index.php?rest_route=\/wp\/v2\/pages\/5761\/revisions\/6574"}],"wp:attachment":[{"href":"https:\/\/www.jade-race.com\/index.php?rest_route=%2Fwp%2Fv2%2Fmedia&parent=5761"}],"curies":[{"name":"wp","href":"https:\/\/api.w.org\/{rel}","templated":true}]}}