{"id":47,"date":"2012-02-27T10:39:46","date_gmt":"2012-02-27T10:39:46","guid":{"rendered":"http:\/\/www.jade-race.de\/?page_id=47"},"modified":"2018-07-04T22:05:19","modified_gmt":"2018-07-04T20:05:19","slug":"impressum","status":"publish","type":"page","link":"https:\/\/www.jade-race.com\/?page_id=47","title":{"rendered":"Allgemeine Gesch\u00e4ftsbedingungen (AGB) \/ Impressum"},"content":{"rendered":"<p><!--:de--><\/p>\n<h2 style=\"text-align: justify;\"><em><strong><span style=\"text-decoration: underline;\">A :&nbsp;Inhalte dieser Website<\/span><\/strong><\/em><\/h2>\n<ol>\n<li style=\"text-align: justify;\">\n<h5>Haftungsbeschr\u00e4nkung<\/h5>\n<p>Die Inhalte dieser Website werden mit gr\u00f6\u00dftm\u00f6glicher Sorgfalt erstellt. Der Anbieter \u00fcbernimmt jedoch keine Gew\u00e4hr f\u00fcr die Richtigkeit, Vollst\u00e4ndigkeit und Aktualit\u00e4t der bereitgestellten Inhalte. Die Nutzung der Inhalte der Website erfolgt auf eigene Gefahr des Nutzers. Namentlich gekennzeichnete Beitr\u00e4ge geben die Meinung des jeweiligen Autors und nicht immer die Meinung des Anbieters wieder. Mit der reinen Nutzung der Website des Anbieters kommt keinerlei Vertragsverh\u00e4ltnis zwischen dem Nutzer und dem Anbieter zustande.<\/li>\n<li style=\"text-align: justify;\">\n<h5>Externe Links<\/h5>\n<p>Diese Website enth\u00e4lt Verkn\u00fcpfungen zu Websites Dritter (\u201cexterne Links\u201d). Diese Websites unterliegen der Haftung der jeweiligen Betreiber. Der Anbieter hat bei der erstmaligen Verkn\u00fcpfung der externen Links die fremden Inhalte daraufhin \u00fcberpr\u00fcft, ob etwaige Rechtsverst\u00f6\u00dfe bestehen. Zu dem Zeitpunkt waren keine Rechtsverst\u00f6\u00dfe ersichtlich. Der Anbieter hat keinerlei Einfluss auf die aktuelle und zuk\u00fcnftige Gestaltung und auf die Inhalte der verkn\u00fcpften Seiten. Das Setzen von externen Links bedeutet nicht, dass sich der Anbieter die hinter dem Verweis oder Link liegenden Inhalte zu Eigen macht. Eine st\u00e4ndige Kontrolle der externen Links ist f\u00fcr den Anbieter ohne konkrete Hinweise auf Rechtsverst\u00f6\u00dfe nicht zumutbar. Bei Kenntnis von Rechtsverst\u00f6\u00dfen werden jedoch derartige externe Links unverz\u00fcglich gel\u00f6scht.<\/li>\n<li style=\"text-align: justify;\">\n<h5>Urheber- und Leistungsschutzrechte<\/h5>\n<p>Die auf dieser Website ver\u00f6ffentlichten Inhalte unterliegen dem deutschen Urheber- und Leistungsschutzrecht. Jede vom deutschen Urheber- und Leistungsschutzrecht nicht zugelassene Verwertung bedarf der vorherigen schriftlichen Zustimmung des Anbieters oder jeweiligen Rechteinhabers. Dies gilt insbesondere f\u00fcr Vervielf\u00e4ltigung, Bearbeitung, \u00dcbersetzung, Einspeicherung, Verarbeitung bzw. Wiedergabe von Inhalten in Datenbanken oder anderen elektronischen Medien und Systemen. Inhalte und Rechte Dritter sind dabei als solche gekennzeichnet. Die unerlaubte Vervielf\u00e4ltigung oder Weitergabe einzelner Inhalte oder kompletter Seiten ist nicht gestattet und strafbar. Lediglich die Herstellung von Kopien und Downloads f\u00fcr den pers\u00f6nlichen, privaten und nicht kommerziellen Gebrauch ist erlaubt.<\/p>\n<p>Die Darstellung dieser Website in fremden Frames ist nur mit schriftlicher Erlaubnis zul\u00e4ssig.<\/li>\n<li style=\"text-align: justify;\">\n<h5>Datenschutz[1]<\/h5>\n<p>Durch den Besuch der Website des Anbieters k\u00f6nnen Informationen \u00fcber den Zugriff (Datum, Uhrzeit, betrachtete Seite) gespeichert werden. Diese Daten geh\u00f6ren nicht zu den personenbezogenen Daten, sondern sind anonymisiert. Sie werden ausschlie\u00dflich zu statistischen Zwecken ausgewertet. Eine Weitergabe an Dritte, zu kommerziellen oder nichtkommerziellen Zwecken, findet nicht statt.<\/p>\n<p>Der Anbieter weist ausdr\u00fccklich darauf hin, dass die Daten\u00fcbertragung im Internet (z.B. bei der Kommunikation per E-Mail) Sicherheitsl\u00fccken aufweisen und nicht l\u00fcckenlos vor dem Zugriff durch Dritte gesch\u00fctzt werden kann.<\/p>\n<p>Die Verwendung der Kontaktdaten des Impressums zur gewerblichen Werbung ist ausdr\u00fccklich nicht erw\u00fcnscht, es sei denn der Anbieter hatte zuvor seine schriftliche Einwilligung erteilt oder es besteht bereits eine Gesch\u00e4ftsbeziehung. Der Anbieter und alle auf dieser Website genannten Personen widersprechen hiermit jeder kommerziellen Verwendung und Weitergabe ihrer Daten.<\/li>\n<li>\n<h5>Besondere Nutzungsbedingungen[2]<\/h5>\n<p>Soweit besondere Bedingungen f\u00fcr einzelne Nutzungen dieser Website von den vorgenannten Nummern 1. bis 4. abweichen, wird an entsprechender Stelle ausdr\u00fccklich darauf hingewiesen. In diesem Falle gelten im jeweiligen Einzelfall die besonderen Nutzungsbedingungen.<\/li>\n<\/ol>\n<h2><em><span style=\"text-decoration: underline;\"><strong>B :&nbsp;Platzordnung<\/strong><\/span><\/em><\/h2>\n<p style=\"text-align: justify;\" align=\"left\">Die nachfolgenden Regeln gelten f\u00fcr die Dauer der Veranstaltung auf dem gesamten Veranstaltungsgel\u00e4nde sowie auf allen Parkpl\u00e4tzen, auf denen der Veranstalter Parkgeb\u00fchren erhebt. Die Regeln gelten f\u00fcr Besucher, Fahrer und deren Teams, Funktionspersonal des Veranstalters und seiner Vertragspartner, Presse- und Medienvertreter sowie f\u00fcr alle sonstigen Personen, solange sie sich auf dem Veranstaltungsgel\u00e4nde aufhalten.<\/p>\n<ol>\n<li>Camping auf dem Veranstaltungsgel\u00e4nde ist nur f\u00fcr die gemeldeten Fahrer und deren Teams zul\u00e4ssig sowie f\u00fcr die Kunden, die sich zus\u00e4tzlich zum Wochenendticket ein Camping-Ticket erworben haben.<\/li>\n<li>Den Durchsagen des Streckensprechers ist Folge zu leisten.<\/li>\n<li>Das Befahren des Veranstaltungsgel\u00e4ndes sowie das Abstellen von Fahrzeugen auf dem Veranstaltungsgel\u00e4nde ist den gemeldeten Fahrern, deren Teams und dem Veranstalter vorbehalten.<\/li>\n<li>Im Fahrerlager und auf dem Weg zum Start sind alle Fahrzeuge maximal mit Schrittgeschwindigkeit zu bewegen.<\/li>\n<li>F\u00fcr alle Personen, die auf dem Veranstaltungsgel\u00e4nde motorisierte Fahrzeuge f\u00fchren, gilt absolutes Alkoholverbot (Null-Promille-Grenze).<\/li>\n<li>Das Befahren der Rennstrecke au\u00dferhalb der offiziellen Trainings- und Wertungsl\u00e4ufe ist verboten.<\/li>\n<li>Der gemeldete Fahrer ist f\u00fcr die Sauberkeit der zugewiesenen Parzelle im Fahrerlager verantwortlich.<\/li>\n<li>Das Wechseln von \u00d6len, Hydraulikfl\u00fcssigkeiten oder K\u00fchlwasser auf dem Veranstaltungsgel\u00e4nde ist verboten. Das Nachf\u00fcllen der genannten Fl\u00fcssigkeiten ist erlaubt, wenn durch eine geeignete Unterlage (z. B. Folie) ausgeschlossen ist, dass herabtropfende Fl\u00fcssigkeiten den Untergrund verschmutzen k\u00f6nnen.<\/li>\n<li>Alle Fahrer haben die ihnen \u00fcberlassene Parzelle im Fahrerlager frei von Bodenverschmutzungen (\u00d6l, K\u00fchlfl\u00fcssigkeit, Lebensmittelreste usw.) und M\u00fcll zu hinterlassen. M\u00fclls\u00e4cke sind gegen Pfand im Startb\u00fcro zu empfangen. Bei R\u00fcckgabe der M\u00fclls\u00e4cke an der ausgewiesenen Sammelstelle wird der Pfand erstattet.<\/li>\n<li>Die Anzahl der verf\u00fcgbaren Stromanschl\u00fcsse im Fahrerlager und im Campingbereich ist begrenzt. In gegenseitiger R\u00fccksichtnahme und motorsportlicher Fairness teilen sich alle Fahrer und Teams die vorhandenen Anschl\u00fcsse. Ein Anspruch auf alleinige Nutzung eines Anschlusses f\u00fcr einzelne Fahrer oder Teams besteht nicht.<\/li>\n<li>Der Aufenthalt im Start- und Vorstartbereich ist nur mit einem Sonderausweis zul\u00e4ssig. Der Sonderausweis ist gut sichtbar zur tragen.<\/li>\n<\/ol>\n<p style=\"text-align: justify;\">Bei schuldhaften Verst\u00f6\u00dfen gegen die Platzordnung kann die betroffene Person vom Veranstaltungsgel\u00e4nde verwiesen und von der Rennteilnahme ausgeschlossen werden.<\/p>\n<h2 style=\"text-align: justify;\"><em><span style=\"text-decoration: underline;\"><strong>C<\/strong> :<\/span><strong><span style=\"text-decoration: underline;\">&nbsp;&nbsp;Verkauf von Tickets <\/span><\/strong><\/em><\/h2>\n<h5 style=\"text-align: justify;\"><strong>Zustandekommen des Vertrages<\/strong><\/h5>\n<ol>\n<li style=\"text-align: justify;\">\n<h5><strong>Vertragsparteien<br \/>\n<\/strong><\/h5>\n<p>Der Vertrag kommt ausschlie\u00dflich zwischen dem Erwerber des Tickets, nachfolgend Kunde genannt, und dem Veranstalter zustande.<\/li>\n<li style=\"text-align: justify;\">\n<h5><strong>Vertragsinhalt<br \/>\n<\/strong><\/h5>\n<p>Die vertraglich geschuldeten Leistungen werden bestimmt durch diese AGB und die Inhalte der Internetpr\u00e4senz des Veranstalters (<a href=\"http:\/\/www.jade-race.com\">www.jade-race.com<\/a>), sofern diese ausdr\u00fccklich im Zusammenhang mit der Veranstaltung angeboten werden. Dar\u00fcber hinaus gilt die f\u00fcr das Veranstaltungsgel\u00e4nde geltende Haus- und\/oder Platzordnung.<\/li>\n<li style=\"text-align: justify;\">\n<h5><strong>Vertragsschluss\/ Bestellvorgang<br \/>\n<\/strong><\/h5>\n<p>S\u00e4mtliche Angaben auf Internetseiten oder sonstigen Medien des Veranstalters stellen lediglich Aufforderungen an den Kunden zur Abgabe eines Vertragsangebotes dar. Das verbindliche Angebot zum Abschluss des Kaufvertrages geht vom Kunden aus. Dies geschieht entweder durch die \u00dcbergabe des ausgef\u00fcllten Bestellformulars im Startb\u00fcro des Veranstalters oder nach Versand der Daten des elektronischen Bestellformulars auf der Internetpr\u00e4senz des Veranstalters www.jade-race.com durch Bet\u00e4tigung des Buttons \u201eBuchen&#8221;. Der Veranstalter ist nicht verpflichtet das Angebot anzunehmen. Die elektronische Bestellung wird durch \u00dcbersendung einer E-Mail an die angegebene E-Mail-Adresse best\u00e4tigt. Hierin ist keine Vertragsannahme zu sehen, sondern es wird lediglich der Eingang der Kundenbestellung best\u00e4tigt. Der Vertrag zwischen dem Kunden und Veranstalter kommt erst dann zustande, wenn die Zahlung durch den Kunden erfolgt ist. Sofern der Veranstalter feststellt, dass das bestellte Ticket nicht mehr verf\u00fcgbar ist, wird der Kunde hier\u00fcber unverz\u00fcglich per E-Mail informiert, und schon erfolgte Zahlungen f\u00fcr das Ticket werden dem Kunden erstattet.<\/li>\n<\/ol>\n<h5 style=\"text-align: justify;\"><strong>Preise\/ Zahlungsmodalit\u00e4ten\/ Lieferung<\/strong><\/h5>\n<ol>\n<li style=\"text-align: justify;\">\n<h5>Preise<\/h5>\n<p>Der angegebene Preis f\u00fcr das Ticket enth\u00e4lt die gesetzliche Mehrwertsteuer.<\/li>\n<li style=\"text-align: justify;\">\n<h5>Zahlung<span style=\"text-decoration: underline;\"><br \/>\n<\/span><\/h5>\n<p>Der Gesamtpreis der Bestellung wird mit dem Angebot zum Abschluss des Kaufvertrages zur Zahlung f\u00e4llig. Der Kunde tritt mit dem Kaufpreis in Vorleistung. Die Bezahlung erfolgt durch Barzahlung am Startb\u00fcro des Veranstalters oder durch Bank\u00fcberweisung auf das Konto des Veranstalters.<\/li>\n<\/ol>\n<h5 style=\"text-align: justify;\"><strong>Widerrufs- und R\u00fccktrittsrecht\/ Terminverschiebung\/ Abbruch<\/strong><\/h5>\n<ol>\n<li style=\"text-align: justify;\">\n<h5>Widerrufsrecht<\/h5>\n<p>Der Kunde hat kein Widerrufsrecht nach \u00a7 312d BGB, da kein Fernabsatzvertrag vorliegt.<\/li>\n<li style=\"text-align: justify;\">\n<h5>R\u00fccktrittsrecht<\/h5>\n<p>Gesetzliche R\u00fccktrittsrechte wegen einer vom Veranstalter zu vertretenden Pflichtverletzung bleiben unber\u00fchrt.<\/li>\n<li style=\"text-align: justify;\">\n<h5>Terminverschiebungen<\/h5>\n<p>Die vom Veranstalter geplanten Uhrzeiten f\u00fcr einzelne Programmpunkte der Veranstaltung sind lediglich als Richtwerte zu verstehen. Durch Verschiebungen, zeitliche K\u00fcrzungen oder der Ausfall einzelner Programmpunkte entsteht f\u00fcr den Kunden kein Anspruch auf Minderung oder Erstattung des Kaufpreises.<\/li>\n<li style=\"text-align: justify;\">\n<h5>Abbruch einer Veranstaltung<\/h5>\n<p>Sollte die Veranstaltung ganz oder teilweise abgebrochen werden, so ist eine R\u00fcckgabe gegen Erstattung des Kaufpreises grunds\u00e4tzlich ausgeschlossen, soweit nicht der Veranstalter den Abbruch zu vertreten hat.<\/li>\n<li style=\"text-align: justify;\">\n<h5>Ausschluss des Kunden von der Teilnahme<\/h5>\n<p>Der Kunde kann vom Veranstalter von der Teilnahme an der Veranstaltung ganz oder teilweise ausgeschlossen werden, wenn der Kunde gegen die Teilnahmebedingungen, oder bei Rennveranstaltungen gegen das Reglement oder gegen die Haus\/Platzordnung oder gegen m\u00fcndliche Weisungen des Veranstalters verst\u00f6\u00dft. Der Kunde kann vom Veranstalter von der Teilnahme an der Veranstaltung ganz oder teilweise ausgeschlossen werden, wenn der Kunde w\u00e4hrend der Veranstaltung strafbare Handlungen aus\u00fcbt oder die Sicherheit oder den geordneten Ablauf der Veranstaltung gef\u00e4hrdet. Von einer Gef\u00e4hrdung der Sicherheit wird regelm\u00e4\u00dfig ausgegangen, wenn der Kunde Waffen, Feuerwerksk\u00f6rper oder andere gef\u00e4hrliche Gegenst\u00e4nde auf das Veranstaltungsgel\u00e4nde bringt. Der Kunde kann vom Veranstalter von der Teilnahme an der Veranstaltung ganz oder teilweise ausgeschlossen werden, wenn der Kunde rassistische, sexistische, gewaltverherrlichende oder menschenverachtende \u00c4u\u00dferungen oder Darstellungen in der \u00d6ffentlichkeit, auch au\u00dferhalb des Veranstaltungsgel\u00e4ndes, vorbringt, oder wenn er dem Ansehen der Veranstaltung in der \u00d6ffentlichkeit in sonstiger Weise schadet. Bei Ausschluss des Kunden von der Teilnahme an der Veranstaltung aus einem oder mehreren der unter IV 5. genannten Gr\u00fcnde entsteht f\u00fcr den Kunden kein Anspruch auf Minderung oder Erstattung des Kaufpreises.<span style=\"text-decoration: underline;\"><br \/>\n<\/span><\/li>\n<\/ol>\n<h5 style=\"text-align: justify;\"><strong>Verhaltensregeln am Veranstaltungsort<\/strong><\/h5>\n<ol>\n<li style=\"text-align: justify;\">W\u00e4hrend der Veranstaltungen ist den Weisungen des Veranstalters Folge zu leisten (siehe oben unter Platzordnung).<\/li>\n<\/ol>\n<h5 style=\"text-align: justify;\"><strong>Haftungsbeschr\u00e4nkungen<\/strong><\/h5>\n<p style=\"text-align: justify; padding-left: 30px;\">Die Teilnehmer nehmen<strong><em> auf eigene Gefahr<\/em><\/strong> an den Veranstaltungen teil. Sie tragen die <strong><em>alleinige Verantwortung f\u00fcr alle Sch\u00e4den<\/em><\/strong>, die von ihnen und ihren Mitarbeitern oder Helfern mit den benutzten Fahrzeugen verursacht werden, soweit kein Haftungsausschluss vereinbart wird. Bewerber und Fahrer erkl\u00e4ren mit Abgabe dieser Nennung den Verzicht auf Anspr\u00fcche jeder Art f\u00fcr Sch\u00e4den, die in Zusammenhang mit der Veranstaltung entstehen, und zwar gegen die FIA, die CIK, die FIM, die UEM, den DMSB, die Mitgliederorganisationen des DMSB, die Deutsche Motor Sport Wirtschaftsdienst GmbH, deren Pr\u00e4sidenten, Organe, Gesch\u00e4ftsf\u00fchrer, Generalsekret\u00e4re die ADAC-Gaue, den Promotor\/Serienorganisator den Veranstalter, die Sportwarte, die Rennstreckeneigent\u00fcmer, Beh\u00f6rden, Renndienste und alle anderen Personen, die mit der Organisation der Veranstaltung in Verbindung stehen, den Stra\u00dfenbaulasttr\u00e4ger, soweit Sch\u00e4den durch die Beschaffenheit der bei der Veranstaltung zu benutzenden Stra\u00dfen samt Zubeh\u00f6r verursacht werden, und die Erf\u00fcllungs- und Verrichtungsgehilfen aller zuvor genannten Personen und Stellen, au\u00dfer f\u00fcr Sch\u00e4den aus der Verletzung des Lebens, des K\u00f6rpers oder der Gesundheit, die auf einer vors\u00e4tzlichen oder fahrl\u00e4ssigen Pflichtverletzung \u2013 auch eines gesetzlichen Vertreters oder eines Erf\u00fcllungsgehilfen des enthafteten Personenkreises beruhen, und au\u00dfer f\u00fcr sonstige Sch\u00e4den, die auf einer vors\u00e4tzlichen oder grob fahrl\u00e4ssigen Pflichtverletzung \u2013 auch eines gesetzlichen Vertreters oder eines Erf\u00fcllungsgehilfen des enthafteten Personenkreises \u2013beruhen; gegen die anderen Teilnehmer (Bewerber, Fahrer, Mitfahrer), deren Helfer, die Eigent\u00fcmer, Halter der anderen Fahrzeuge, den eigenen Bewerber, den\/die eigenen Fahrer, Mitfahrer (anderslautende besondere Vereinbarungen zwischen Bewerber, Fahrer\/n, Mitfahrer\/n gehen vor !) und eigene Helfer verzichten sie auf Anspr\u00fcche jeder Art f\u00fcr Sch\u00e4den, die in Zusammenhang mit dem Wettbewerb (Training, Wertungsl\u00e4ufe) entstehen, au\u00dfer f\u00fcr Sch\u00e4den aus der Verletzung des Lebens, des K\u00f6rpers oder der Gesundheit, die auf einer vors\u00e4tzlichen oder grob fahrl\u00e4ssigen Pflichtverletzung \u2013 auch eines gesetzlichen Vertreters oder eines Erf\u00fcllungsgehilfen des enthafteten Personenkreises \u2013 beruhen, und au\u00dfer f\u00fcr sonstige Sch\u00e4den, die auf einer vors\u00e4tzlichen oder grob fahrl\u00e4ssigen Pflichtverletzung \u2013 auch eines gesetzlichen Vertreters oder eines Erf\u00fcllungsgehilfen des enthafteten Personenkreises \u2013 beruhen.<\/p>\n<p style=\"text-align: justify; padding-left: 30px;\">Der Haftungsausschluss wird mit Abgabe der Nennung allen Beteiligten gegen\u00fcber wirksam. Er gilt f\u00fcr Anspr\u00fcche aus jeglichem Rechtsgrund, insbesondere sowohl f\u00fcr Schadenersatzanspr\u00fcche aus vertraglicher als auch au\u00dfervertraglicher Haftung und auch f\u00fcr Anspr\u00fcche aus unerlaubter Handlung. Stillschweigende Haftungsausschl\u00fcsse bleiben von vorstehender Haftungsausschlussklausel unber\u00fchrt.<\/p>\n<h5 style=\"text-align: justify;\"><strong>Datenschutzrechtliche Einwilligungserkl\u00e4rung (Nennung Jade-Race)<\/strong><\/h5>\n<p style=\"padding-left: 30px; text-align: justify;\">Ich willige ein, dass die Jade-Race UG meine in diesem Nennformular erhobenen Daten neben der Vertragsdurchf\u00fchrung auch f\u00fcr folgende Zwecke verwendet:<\/p>\n<p style=\"text-align: justify;\">Ver\u00f6ffentlichung von Teilnehmer- und Ergebnislisten (auch im Internet), \u00dcbermittlung an den DMSB e.V. (Deutscher Motor Sport Bund) im Schadensfall, sowie an Serien, f\u00fcr die die Veranstaltung gewertet wird (s. Veranstaltungsausschreibung) und statistische Zwecke, Eigenwerbung oder Veranstalterwerbung. Mit der Einsendung von Bildmaterial erkl\u00e4rt der Teilnehmer sein Einverst\u00e4ndnis zur uneingeschr\u00e4nkten honorarfreien Verwendung, Verwertung oder Ver\u00f6ffentlichung durch den Veranstalter. Dar\u00fcber hinaus erkl\u00e4ren die Teilnehmer ihr Einverst\u00e4ndnis zur Durchf\u00fchrung von Foto- und Filmarbeiten w\u00e4hrend der Veranstaltung sowie zur Einr\u00e4umung der unentgeltlichen Sende-, \u00f6ffentlichen Wiedergabe-, Aufzeichnungs-, Vervielf\u00e4ltigungs- und Bearbeitungsrechte hinsichtlich der von ihrer Person, etwaigen Begleitpersonen, die alle vom Teilnehmer hier\u00fcber vorab entsprechend umfassend informiert wurden, oder der von ihren Fahrzeugen gefertigten Film- oder Fotoaufnahmen. Die Rechteeinr\u00e4umung umfasst neben der Nutzung f\u00fcr die Berichterstattung \u00fcber die Veranstaltung, die Teilnehmer und die Ergebnisse in Print-, Radio-, TV- und Onlinemedien, wie insbesondere Internetauftritt und Facebook, auch die Nutzung der Aufnahmen zu Zwecken der Eigenwerbung oder der Veranstalterwerbung.<br \/>\n<strong style=\"font-size: 0.95em;\"><u><br \/>\nHinweis:<\/u><\/strong><span style=\"font-size: 0.95em;\"> Falls diese Einwilligungserkl\u00e4rung nicht erteilt wird, ist eine Teilnahme an dieser Veranstaltung nicht m\u00f6glich. Die Einwilligung k\u00f6nnen Sie jederzeit f\u00fcr die Zukunft bei der Jade-Race UG, Wilhelm-Springer-Str. 11, D-26316 Varel, info@jade-race.com widerrufen. Wenn der \/ die Teilnehmer\/in noch minderj\u00e4hrig oder nicht voll gesch\u00e4ftsf\u00e4hig ist, versichert der Sorgeberechtigte, dass er das alleinige Sorgerecht hat oder berechtigt ist, diese Erkl\u00e4rung auch im Namen etwaiger weiterer Sorgeberechtigter verbindlich abzugeben. Bei der Unterzeichnung durch Sorgeberechtigte ist die Angabe des vollst\u00e4ndigen Namens und der Anschrift erforderlich.<\/span><\/p>\n<h2 style=\"text-align: justify;\"><span style=\"text-decoration: underline;\"><em><strong style=\"text-align: justify;\">D: &nbsp;Schlussbestimmungen<\/strong><\/em><\/span><\/h2>\n<ol>\n<li style=\"text-align: justify;\">\n<h5>Gerichtsstand<\/h5>\n<p>Gerichtsstand ist der Sitz des Veranstalters.<\/li>\n<li style=\"text-align: justify;\">\n<h5>Salvatorische Klausel<\/h5>\n<p>Sollten einzelne Bestimmungen des Vertrages ganz oder teilweise unwirksam oder undurchf\u00fchrbar sein oder werden, wird die Wirksamkeit der \u00fcbrigen Bestimmungen des Vertrages und dieser Allgemeinen Gesch\u00e4ftsbedingungen davon nicht ber\u00fchrt.<\/li>\n<\/ol>\n<hr>\n<p style=\"text-align: justify;\">Stand: 01.04.2016<\/p>\n<div id=\"ja-wrapper\" style=\"text-align: justify;\">\n<div id=\"ja-containerwrap\">\n<div id=\"ja-containerwrap2\">\n<div id=\"ja-container\">\n<div id=\"ja-container2\" class=\"clearfix\">\n<div id=\"ja-mainbody\" class=\"clearfix\">\n<div id=\"ja-contentwrap\">\n<div id=\"ja-content\">\n<div class=\"article-content\">\n<p style=\"text-align: left;\">Jade-Race UG (haftungsbeschr\u00e4nkt)<br \/>\nGesch\u00e4ftsf\u00fchrer Michael Behrens<br \/>\nWilhelm-Springer-Str. 11<br \/>\n26316 Varel<\/p>\n<p style=\"text-align: left;\">Tel : 0172 15 82 702<\/p>\n<\/div>\n<\/div>\n<\/div>\n<\/div>\n<\/div>\n<\/div>\n<\/div>\n<\/div>\n<\/div>\n<p style=\"text-align: justify;\">USt-IdNr.: DE283027401<\/p>\n<p><!--:--><!--:en--><\/p>\n<p><!--:--><\/p>\n","protected":false},"excerpt":{"rendered":"<p>A :&nbsp;Inhalte dieser Website Haftungsbeschr\u00e4nkung Die Inhalte dieser Website werden mit gr\u00f6\u00dftm\u00f6glicher Sorgfalt erstellt. Der Anbieter \u00fcbernimmt jedoch<\/p>\n","protected":false},"author":1,"featured_media":0,"parent":0,"menu_order":0,"comment_status":"open","ping_status":"open","template":"","meta":{"_crdt_document":"","ngg_post_thumbnail":0,"jetpack_post_was_ever_published":false,"footnotes":""},"class_list":["post-47","page","type-page","status-publish","hentry"],"jetpack_shortlink":"https:\/\/wp.me\/P5OaCw-L","jetpack_sharing_enabled":true,"_links":{"self":[{"href":"https:\/\/www.jade-race.com\/index.php?rest_route=\/wp\/v2\/pages\/47","targetHints":{"allow":["GET"]}}],"collection":[{"href":"https:\/\/www.jade-race.com\/index.php?rest_route=\/wp\/v2\/pages"}],"about":[{"href":"https:\/\/www.jade-race.com\/index.php?rest_route=\/wp\/v2\/types\/page"}],"author":[{"embeddable":true,"href":"https:\/\/www.jade-race.com\/index.php?rest_route=\/wp\/v2\/users\/1"}],"replies":[{"embeddable":true,"href":"https:\/\/www.jade-race.com\/index.php?rest_route=%2Fwp%2Fv2%2Fcomments&post=47"}],"version-history":[{"count":32,"href":"https:\/\/www.jade-race.com\/index.php?rest_route=\/wp\/v2\/pages\/47\/revisions"}],"predecessor-version":[{"id":3724,"href":"https:\/\/www.jade-race.com\/index.php?rest_route=\/wp\/v2\/pages\/47\/revisions\/3724"}],"wp:attachment":[{"href":"https:\/\/www.jade-race.com\/index.php?rest_route=%2Fwp%2Fv2%2Fmedia&parent=47"}],"curies":[{"name":"wp","href":"https:\/\/api.w.org\/{rel}","templated":true}]}}