{"id":420,"date":"2012-04-17T11:48:10","date_gmt":"2012-04-17T10:48:10","guid":{"rendered":"http:\/\/www.jade-race.de\/?page_id=420"},"modified":"2025-11-20T20:03:50","modified_gmt":"2025-11-20T19:03:50","slug":"programm","status":"publish","type":"page","link":"https:\/\/www.jade-race.com\/?page_id=420","title":{"rendered":"Programm \/ Zeitplan"},"content":{"rendered":"\n<figure class=\"wp-block-table is-style-stripes\"><table><tbody><tr><td><\/td><td><strong><em>VORL\u00c4UFIGER ZEITPLAN &#8211; \u00c4NDERUNG VORBEHALTEN<\/em><\/strong><\/td><td><\/td><td><\/td><\/tr><tr><td><strong>Uhrzeit<\/strong> <\/td><td><strong>FREITAG, 17.07.2026<\/strong><\/td><td><\/td><td><\/td><\/tr><tr><td>ab 07.00<\/td><td>Fr\u00fchst\u00fcck<\/td><td><\/td><td><\/td><\/tr><tr><td>08.00-20.00<\/td><td>Anreise m\u00f6glich f\u00fcr Camper, Besucher und Teams<br><br><strong>ACHTUNG! Kein Einlass vor 08.00 Uhr m\u00f6glich!<br>Wer eher da ist, wartet vergebens auf vorherigen Einlass!<\/strong><\/td><td><\/td><td><\/td><\/tr><tr><td>12.00-20.00<\/td><td>Qualifying (Alle Klassen, genaue Zeiteinteilungen der Klassen erfolgen auf dem Event)<\/td><td><\/td><td><\/td><\/tr><\/tbody><\/table><\/figure>\n\n\n\n<figure class=\"wp-block-table is-style-stripes\"><table><tbody><tr><td><strong>Uhrzeit<\/strong><\/td><td><strong>SONNABEND, 18.07.2026<\/strong><\/td><\/tr><tr><td>ab 07.00<\/td><td>Fr\u00fchst\u00fcck <\/td><\/tr><tr><td>10.00-18.00<\/td><td>Qualifying (Alle Klassen, genaue Zeiteinteilungen der Klassen erfolgen auf dem Event)<\/td><\/tr><tr><td>12.00-13.00<\/td><td>Offizielle Begr\u00fc\u00dfung<br>Mittagspause<\/td><\/tr><tr><td>ab 18.30 <\/td><td>Night Show &amp; AfterRaceParty <\/td><\/tr><\/tbody><\/table><\/figure>\n\n\n\n<figure class=\"wp-block-table is-style-stripes\"><table><tbody><tr><td><strong>Uhrzeit<\/strong> <\/td><td><strong>SONNTAG, 19.07.2026<\/strong><\/td><\/tr><tr><td>ab 07.00 <\/td><td>Fr\u00fchst\u00fcck <\/td><\/tr><tr><td> 09.00-12.00 <\/td><td>Eliminations (Alle Klassen, genaue Einteilung der Klassen erfolgt auf dem Event)<\/td><\/tr><tr><td> 12.00-13.00 <\/td><td>Mittagspause <\/td><\/tr><tr><td>ca. 13.00-15.00 <\/td><td>Eliminations (Alle Klassen, genaue Einteilung der Klassen erfolgt auf dem Event)<\/td><\/tr><tr><td>ca. 15.30 <\/td><td>Siegerehrung <\/td><\/tr><\/tbody><\/table><\/figure>\n\n\n\n<p class=\"wp-block-paragraph\">Die Zeiten sind Richtlinien und k\u00f6nnen durch den Veranstalter jeder Zeit z. B. aufgrund der Wetterlage ge\u00e4ndert werden!<\/p>\n\n\n\n<p>Den detaillierten Zeitplan finden Sie hier:&nbsp;<a href=\"http:\/\/timetable.dragreg.eu\/\">http:\/\/timetable.dragreg.eu<\/a><\/p>\n<p>Bitte klicken Sie auf das Datum vom entsprechenden Renntag.&nbsp;<\/p>\n<p>Die aufgef\u00fchrten Zeiten \u00e4ndern sich permanent z. B. durch weitere dazukommende Teilnehmer oder aber Unterbrechungen auf der Rennstrecke. Bei Unterbrechungen kann es zu h\u00f6heren Wartezeiten bis hin zum vorzeitigen Rennabbruch kommen. Nutzen Sie die Zeit f\u00fcr einen Gang \u00fcber die H\u00e4ndlermeile oder aber f\u00fcr einen &#8220;Pit-Walk&#8221;. Sie kommen in keiner Rennsportart dichter an die Rennfahrzeuge ran, wie im Dragracing. Einige Teams lassen sie auch gerne mal Probesitzen, sprechen sie gerne die Teammitglieder.<\/p>\n","protected":false},"excerpt":{"rendered":"<p>VORL\u00c4UFIGER ZEITPLAN &#8211; \u00c4NDERUNG VORBEHALTEN Uhrzeit FREITAG, 17.07.2026 ab 07.00 Fr\u00fchst\u00fcck 08.00-20.00 Anreise m\u00f6glich f\u00fcr Camper, Besucher und<\/p>\n","protected":false},"author":4,"featured_media":0,"parent":0,"menu_order":0,"comment_status":"open","ping_status":"open","template":"","meta":{"_crdt_document":"","ngg_post_thumbnail":0,"jetpack_post_was_ever_published":false,"footnotes":""},"class_list":["post-420","page","type-page","status-publish","hentry"],"jetpack_shortlink":"https:\/\/wp.me\/P5OaCw-6M","jetpack_sharing_enabled":true,"_links":{"self":[{"href":"https:\/\/www.jade-race.com\/index.php?rest_route=\/wp\/v2\/pages\/420","targetHints":{"allow":["GET"]}}],"collection":[{"href":"https:\/\/www.jade-race.com\/index.php?rest_route=\/wp\/v2\/pages"}],"about":[{"href":"https:\/\/www.jade-race.com\/index.php?rest_route=\/wp\/v2\/types\/page"}],"author":[{"embeddable":true,"href":"https:\/\/www.jade-race.com\/index.php?rest_route=\/wp\/v2\/users\/4"}],"replies":[{"embeddable":true,"href":"https:\/\/www.jade-race.com\/index.php?rest_route=%2Fwp%2Fv2%2Fcomments&post=420"}],"version-history":[{"count":77,"href":"https:\/\/www.jade-race.com\/index.php?rest_route=\/wp\/v2\/pages\/420\/revisions"}],"predecessor-version":[{"id":6841,"href":"https:\/\/www.jade-race.com\/index.php?rest_route=\/wp\/v2\/pages\/420\/revisions\/6841"}],"wp:attachment":[{"href":"https:\/\/www.jade-race.com\/index.php?rest_route=%2Fwp%2Fv2%2Fmedia&parent=420"}],"curies":[{"name":"wp","href":"https:\/\/api.w.org\/{rel}","templated":true}]}}